s the highest common factor of 101354987 and 2546?
1273
Calculate the greatest common factor of 6842440 and 352.
88
Calculate the greatest common factor of 2994820 and 97270.
1370
Calculate the highest common factor of 78687096 and 6.
6
What is the highest common divisor of 853432 and 37886?
1994
Calculate the highest common factor of 254403 and 488934.
207
What is the highest common factor of 410666848 and 148?
148
What is the highest common divisor of 36800 and 428950?
1150
Calculate the greatest common divisor of 308 and 157857931.
77
Calculate the greatest common divisor of 6710 and 4431589.
61
Calculate the greatest common divisor of 12133 and 6335632.
1103
What is the greatest common factor of 414 and 22339164?
138
What is the greatest common divisor of 99130 and 412898?
862
Calculate the greatest common divisor of 1362 and 500860518.
1362
Calculate the greatest common divisor of 16277 and 7052.
41
What is the greatest common factor of 6561552 and 2007?
669
Calculate the greatest common divisor of 24 and 383009964.
12
Calculate the highest common divisor of 5370 and 15028840.
1790
Calculate the greatest common factor of 3820697 and 9428.
2357
Calculate the greatest common factor of 726822 and 90.
18
Calculate the highest common factor of 78490 and 1651016.
94
What is the greatest common factor of 1264 and 143184?
16
Calculate the highest common factor of 72 and 409749156.
36
Calculate the greatest common divisor of 5039778 and 75.
3
What is the greatest common factor of 27532873 and 3205?
641
Calculate the greatest common factor of 1845 and 4280195.
205
Calculate the greatest common divisor of 212035130 and 90.
10
Calculate the highest common divisor of 12755484 and 477.
9
What is the highest common factor of 6667362 and 181116?
234
Calculate the greatest common divisor of 200 and 1133455.
5
What is the greatest common divisor of 522741 and 49389?
489
What is the highest common divisor of 603273 and 264?
33
Calculate the greatest common factor of 1396943756 and 104.
52
What is the highest common factor of 21934 and 956230?
22
What is the greatest common factor of 372 and 2753141?
31
Calculate the highest common divisor of 17157090 and 120.
30
What is the highest common factor of 2346 and 117308993?
391
What is the highest common factor of 1335 and 541325145?
1335
What is the greatest common factor of 1423633 and 4929?
53
Calculate the highest common divisor of 13501 and 998085.
23
What is the highest common divisor of 9170 and 1071490?
70
Calculate the greatest common divisor of 832 and 3305344.
64
Calculate the highest common factor of 463623 and 5235341.
2117
Calculate the greatest common divisor of 6953366 and 14.
14
What is the highest common factor of 28 and 20471892?
28
Calculate the highest common factor of 217460 and 6771140.
1660
Calculate the highest common factor of 1896274210 and 10.
10
Calculate the greatest common factor of 250982336 and 308.
44
Calculate the highest common divisor of 171 and 12804507.
9
Calculate the highest common divisor of 9575375 and 250.
125
Calculate the highest common divisor of 5143 and 668312.
139
Calculate the greatest common factor of 76156787 and 35105.
7021
What is the highest common factor of 392 and 26123174?
98
Calculate the greatest common divisor of 13640 and 429000.
440
Calculate the greatest common divisor of 11 and 1125695813.
11
What is the greatest common divisor of 319 and 866230?
29
Calculate the highest common factor of 75073 and 1093631.
2029
What is the greatest common factor of 40441 and 77189846?
1093
What is the highest common divisor of 723 and 93739119?
723
What is the greatest common factor of 12231924 and 10460?
2092
Calculate the greatest common factor of 4485870 and 7110.
90
What is the greatest common divisor of 1461200 and 335725?
325
What is the greatest common divisor of 2320713 and 81?
9
What is the highest common factor of 2431 and 6866249?
221
What is the greatest common factor of 231904 and 6368?
32
What is the greatest common divisor of 1797762 and 9579?
309
What is the highest common divisor of 11286 and 4572612?
594
What is the greatest common factor of 1378 and 3310736?
26
What is the highest common factor of 663 and 396770361?
663
Calculate the greatest common divisor of 20991600 and 3672.
1224
Calculate the highest common factor of 3472 and 15039216.
496
Calculate the greatest common divisor of 73311720 and 2120.
2120
Calculate the greatest common factor of 4068 and 13142691.
1017
Calculate the highest common factor of 36049 and 1919683.
59
What is the highest common factor of 7001028 and 4294?
226
What is the greatest common divisor of 571501 and 1463?
133
Calculate the greatest common divisor of 702306 and 81.
9
Calculate the greatest common factor of 326706 and 90066.
102
What is the highest common factor of 10296 and 266519?
11
What is the greatest common divisor of 140 and 144348015?
35
Calculate the highest common factor of 654620119 and 53.
53
What is the highest common factor of 517 and 29759789?
47
Calculate the greatest common divisor of 1724250 and 1672.
418
Calculate the highest common factor of 2992 and 391532.
4
What is the highest common divisor of 20995 and 4363255?
1235
What is the greatest common divisor of 816659 and 924054?
457
Calculate the greatest common factor of 106188568 and 190.
38
Calculate the greatest common factor of 160286 and 10272.
214
Calculate the greatest common factor of 33 and 38386172.
11
What is the highest common factor of 25 and 148716050?
25
Calculate the highest common divisor of 5535 and 11603.
41
What is the highest common divisor of 2016 and 4685632?
224
Calculate the highest common factor of 203962416 and 4788.
1596
Calculate the highest common factor of 290 and 13157735.
145
Calculate the greatest common factor of 13407 and 28741.
41
What is the greatest common factor of 124911957 and 122?
61
What is the greatest common divisor of 276 and 485257680?
276
What is the greatest common divisor of 60 and 131435430?
30
Calculate the greatest common factor of 642 and 6375381.
321
What is the highest common divisor of 10171151 and 238?
17
Calculate the highest common factor of 1258135 and 465.
155
What is the greatest common divisor of 146062211 and 201?
67
What is the greatest common divisor of 330 and 25971510?
30
Calculate the greatest common factor of 6493809 and 9359.
1337
Calculate the highest common factor of 1148112 and 1133640.
4824
What is the greatest common divisor of 21 and 986733?
3
What is the highest common divisor of 625242 and 258?
6
What is the highest common factor of 502700 and 102465?
55
Calculate the highest common factor of 1134058 and 37454.
614
What is the highest common divisor of 46601553 and 771?
771
What is the highest common divisor of 64224 and 167712?
96
What is the greatest common factor of 152 and 8624974?
38
Calculate the highest common factor of 164488617 and 38709.
3519
What is the highest common factor of 24 and 3599364?
12
What is the highest common factor of 1208 and 2600272?
8
Calculate the highest common factor of 268809808 and 48.
16
Calculate the highest common divisor of 836910 and 41820.
510
What is the highest common factor of 1147779 and 158337?
657
What is the greatest common divisor of 5424 and 86270076?
1356
What is the greatest common factor of 26848369 and 371?
53
What is the highest common divisor of 741 and 1537107?
39
What is the highest common divisor of 32 and 4191040?
32
Calculate the highest common factor of 4993989 and 224.
7
What is the greatest common factor of 109428 and 76098?
66
Calculate the highest common divisor of 1099935 and 765.
45
Calculate the highest common divisor of 401377 and 15812.
59
Calculate the greatest common divisor of 291707665 and 2755.
2755
What is the greatest common divisor of 202860 and 1209110?
1610
What is the highest common divisor of 288520 and 576?
8
What is the highest common factor of 38925 and 333717?
519
What is the greatest common factor of 559386 and 660674?
2302
Calculate the greatest common divisor of 488883 and 52323.
321
Calculate the greatest common factor of 239150 and 1990.
10
Calculate the greatest common factor of 30914755 and 340.
85
What is the greatest common factor of 2965649 and 14975?
599
Calcul